16302622?
True
Is 932730 a multiple of 10?
True
Does 12 divide 555689?
False
Does 37 divide 900210?
True
Is 20 a factor of 4060420?
True
Is 1022632 a multiple of 465?
False
Is 14 a factor of 187446?
True
Is 440 a factor of 415360?
True
Is 296 a factor of 9337461?
False
Does 300 divide 9297300?
True
Does 11 divide 9290624?
False
Does 425 divide 291550?
True
Is 370 a factor of 1255410?
True
Is 98829 a multiple of 49?
False
Is 51 a factor of 1975230?
True
Is 146 a factor of 52414?
True
Is 163650 a multiple of 15?
True
Is 41 a factor of 10277880?
True
Does 198 divide 218397?
False
Is 62393 a multiple of 43?
True
Is 422 a factor of 11300689?
False
Does 34 divide 751910?
True
Is 5 a factor of 50880?
True
Is 326 a factor of 806275?
False
Does 187 divide 76820?
False
Does 62 divide 29303?
False
Does 334 divide 505008?
True
Is 14 a factor of 437049?
False
Does 47 divide 125208?
True
Is 58823 a multiple of 59?
True
Is 36 a factor of 293148?
True
Is 9 a factor of 165339?
True
Is 659 a factor of 753237?
True
Does 11 divide 3399361?
False
Is 2198823 a multiple of 462?
False
Is 1211898 a multiple of 159?
True
Does 23 divide 3411382?
False
Does 347 divide 192481?
False
Does 85 divide 123420?
True
Does 8 divide 118430?
False
Does 11 divide 1277349?
False
Is 38988 a multiple of 76?
True
Is 1213093 a multiple of 5?
False
Does 11 divide 3746480?
False
Is 810888 a multiple of 312?
True
Is 3696819 a multiple of 133?
False
Does 14 divide 207228?
True
Is 96451 a multiple of 71?
False
Is 68724 a multiple of 207?
True
Is 188 a factor of 84596?
False
Does 12 divide 117276?
True
Is 32 a factor of 58656?
True
Is 547301 a multiple of 569?
False
Does 3 divide 66921?
True
Is 28495215 a multiple of 40?
False
Does 12 divide 2916?
True
Is 9 a factor of 816924?
False
Is 3 a factor of 24516?
True
Does 1384 divide 220620?
False
Does 103 divide 1502631?
False
Is 14 a factor of 17330?
False
Does 38 divide 162851?
False
Is 9 a factor of 258372?
True
Is 444428 a multiple of 548?
True
Is 1000329 a multiple of 12?
False
Is 748173 a multiple of 908?
False
Does 13 divide 170339?
True
Does 3 divide 6570?
True
Does 8 divide 464498?
False
Is 62 a factor of 157152?
False
Does 93 divide 45105?
True
Is 35503 a multiple of 28?
False
Is 1545 a factor of 19269240?
True
Is 21 a factor of 4735626?
True
Is 531650 a multiple of 175?
True
Does 6 divide 1293534?
True
Does 127 divide 1546606?
True
Is 1849721 a multiple of 1106?
False
Does 9 divide 15989?
False
Is 15 a factor of 23731044?
False
Is 1489844 a multiple of 9?
False
Is 301693 a multiple of 49?
True
Does 357 divide 19109466?
False
Is 510202 a multiple of 22?
True
Is 44 a factor of 541288?
True
Is 173296 a multiple of 20?
False
Is 149 a factor of 4872123?
False
Is 1735 a multiple of 86?
False
Does 30 divide 146280?
True
Is 624 a factor of 257487?
False
Does 74 divide 3203164?
True
Is 2221673 a multiple of 316?
False
Does 2 divide 95467?
False
Is 138 a factor of 16346238?
True
Is 123 a factor of 120463?
False
Is 41826 a multiple of 4?
False
Does 31 divide 357740?
True
Is 341 a factor of 116035?
False
Is 93792 a multiple of 12?
True
Is 76 a factor of 3160536?
True
Is 82407 a multiple of 6?
False
Is 44 a factor of 46464?
True
Is 80 a factor of 133680?
True
Does 31 divide 2676540?
True
Is 514311 a multiple of 19?
True
Does 340 divide 1218220?
True
Is 71 a factor of 143964?
False
Does 105 divide 5910555?
True
Is 9906130 a multiple of 362?
True
Is 120690 a multiple of 22?
False
Is 80 a factor of 2729200?
True
Is 166791 a multiple of 53?
True
Is 134863 a multiple of 52?
False
Does 197 divide 20094?
True
Is 3 a factor of 31203?
True
Does 18 divide 61245?
False
Is 93362 a multiple of 24?
False
Is 3101860 a multiple of 140?
False
Is 1902982 a multiple of 515?
False
Is 22280 a multiple of 114?
False
Is 224975 a multiple of 152?
False
Is 12282 a multiple of 267?
True
Does 51 divide 125460?
True
Is 41 a factor of 6554339?
False
Does 683 divide 1565436?
True
Does 4 divide 83327?
False
Is 3 a factor of 1020784?
False
Is 144 a factor of 398124?
False
Does 17 divide 62020?
False
Is 4 a factor of 56355?
False
Is 70104 a multiple of 69?
True
Is 146 a factor of 169652?
True
Is 73 a factor of 273677?
True
Is 204017 a multiple of 64?
False
Does 52 divide 125953?
False
Does 16 divide 61174?
False
Is 125 a factor of 119625?
True
Is 28 a factor of 12154548?
True
Does 7 divide 3731077?
True
Is 13030787 a multiple of 739?
True
Is 3627847 a multiple of 231?
False
Is 3132946 a multiple of 53?
False
Is 20 a factor of 1678186?
False
Does 121 divide 13808?
False
Does 4 divide 2233193?
False
Is 1132704 a multiple of 513?
True
Does 21 divide 407188?
False
Does 381 divide 365522?
False
Is 51 a factor of 2062917?
False
Is 443027 a multiple of 13?
True
Is 2249 a factor of 30647123?
True
Does 34 divide 378292?
False
Does 130 divide 5247060?
True
Is 261356 a multiple of 4?
True
Is 188905 a multiple of 8?
False
Is 52092 a multiple of 3?
True
Does 93 divide 624912?
False
Is 281 a factor of 131314?
False
Does 82 divide 15580?
True
Does 21 divide 196938?
True
Does 105 divide 15837255?
True
Is 39 a factor of 782336?
False
Does 6 divide 183953?
False
Does 28 divide 858732?
True
Does 500 divide 2253500?
True
Does 184 divide 838488?
True
Does 31 divide 11301?
False
Is 27 a factor of 1372715?
False
Is 83197 a multiple of 87?
False
Is 99822 a multiple of 89?
False
Is 481705 a multiple of 35?
True
Is 1294186 a multiple of 3?
False
Is 127188 a multiple of 36?
True
Is 645008 a multiple of 91?
True
Is 30302 a multiple of 12?
False
Is 37 a factor of 683274?
False
Is 1384044 a multiple of 144?
False
Is 111358 a multiple of 87?
False
Is 183 a factor of 506572?
False
Is 162 a factor of 8571096?
True
Does 435 divide 294250?
False
Is 272349 a multiple of 297?
True
Is 320763 a multiple of 154?
False
Is 2024928 a multiple of 778?
False
Is 19 a factor of 6118?
True
Does 14 divide 4400548?
False
Is 454 a factor of 426760?
True
Is 235287 a multiple of 13?
True
Is 898213 a multiple of 411?
False
Is 19 a factor of 4341690?
True
Is 23 a factor of 4785009?
False
Does 18 divide 65142?
True
Is 657912 a multiple of 1041?
True
Does 111 divide 8917518?
True
Is 23408 a multiple of 16?
True
Does 327 divide 14460927?
False
Is 9 a factor of 45315?
True
Is 2160013 a multiple of 618?
False
Does 2 divide 212706?
True
Does 394 divide 16104750?
True
Does 298 divide 160466?
False
Is 15 a factor of 30330?
True
Does 17 divide 1695580?
True
Is 87048 a multiple of 18?
True
Does 4 divide 201056?
True
Does 55 divide 51722?
False
Is 378434 a multiple of 315?
False
Is 6995126 a multiple of 1766?
True
Does 66 divide 41344?
False
Is 61 a factor of 311280?
False
Does 28 divide 904064?
True
Does 153 divide 446960?
False
Is 1381682 a multiple of 11?
False
Is 1347500 a multiple of 55?
True
Is 12 a factor of 4763136?
True
Is 22 a factor of 474254?
True
Does 783 divide 6813643?
False
Does 153 divide 5049?
True
Is 422145 a multiple of 15?
True
Is 108 a factor of 185588?
False
Is 19323 a multiple of 19?
True
Is 12 a factor of 36342?
False
Is 9 a factor of 152631?
True
Is 444070 a multiple of 110?
True
Is 17 a factor of 231759?
False
Does 313 divide 78876?
True
Is 1302865 a multiple of 63?
False
Is 166023 a multiple of 43?
True
Is 31326 a multiple of 44?
False
Is 3 a factor of 2335?
False
Does 60 divide 41528?
False
Is 244 a factor of 2155224?
False
Is 582409 a multiple of 8?
False
Does 21 divide 422226?
True
Is 238 a factor of 3706612?
True
Is 69 a factor of 4227837?
True
Is 481 a factor of 2828714?
False
Is 19 a factor of 209418?
True
Does 11 divide 1043406?
False
Is 55129 a multiple of 18?
False
Does 32 divide 187006?
False
Does 3 divide 1339?
False
Is 545 a factor of 144970?
True
Does 33 divide 1435974?
False
Does 437 divide 3205576?
False
Does 3 divide 584864?
False
Does 21 divide 2425878?
True
Is 1128493 a multiple of 381?
False
Does 437 divide 2923967?
True
Does 50 divide 49109?
False
Does 862 divide 2567036?
True
Does 46 divide 1971753?
False
Does 7 divide 120162?
True
Is 801 a factor of 2221772?
False
Does 9 divide 186984?
True
Does 669 divide 1742150?
False
Does 73 divide 7408?
False
Is 7 a factor of 107219?
True
Does 47 divide 138758?
False
Is 31 a factor of 1533508?
True
Is 32 a factor of 371264?
True
Is 2322336 a multiple of 6